{"id":510,"date":"2019-03-19T21:52:03","date_gmt":"2019-03-19T19:52:03","guid":{"rendered":"http:\/\/www.pixiedust.fi\/?post_type=product&#038;p=510"},"modified":"2025-02-23T20:47:48","modified_gmt":"2025-02-23T18:47:48","slug":"hamppufarkut","status":"publish","type":"product","link":"https:\/\/www.pixiedust.fi\/?product=hamppufarkut","title":{"rendered":"Hamppufarkut"},"content":{"rendered":"<p>Lasten hamppufarkut.<br \/>\nHousuissa on etutaskut ja takataskut. Vy\u00f6t\u00e4r\u00f6ll\u00e4 kuminauha ja hamppunauha, jolla voi s\u00e4\u00e4t\u00e4\u00e4 vy\u00f6t\u00e4r\u00f6\u00e4. Suorat lahkeet.<\/p>\n<p><span style=\"font-size: 1rem;\">Materiaali 100% hamppu.<br \/>\nV\u00e4rj\u00e4\u00e4m\u00e4t\u00f6n hamppukangas valmistetaan Romaniassa. Hamppu on materiaalina eritt\u00e4in ymp\u00e4rist\u00f6yst\u00e4v\u00e4llinen. Kasvaessaan se parantaa maaper\u00e4\u00e4 eik\u00e4 se vaadi torjunta-aineita.\u00a0<\/span><\/p>\n<p>Hoito-ohjeena ensisijaisesti aina tuuletus. Konepesu 40\u00b0C.<br \/>\nRumpukuivausta ei suositella.<\/p>\n<p>Tuote valmistetaan tilauksesta k\u00e4sity\u00f6n\u00e4 Suomessa.<br \/>\nToimitusaika 3-14 vrk.<\/p>\n<p><span style=\"color: #333300;\"><em>Huom! Hamppukangas vaihtuu pikkuhiljaa palttinasidoksesta toimikkaaseen.\u00a0 Kuvat materiaaleista l\u00f6yd\u00e4t viimeisist\u00e4 kuvista. Kankaan paksuus on sama, kudos on vain erilainen.\u00a0 Housuja valmistetaan alkuper\u00e4isest\u00e4 materiaalista, niin kauan kuin kangasta on olemassa.<\/em><\/span><\/p>\n","protected":false},"excerpt":{"rendered":"<p>Lasten farkut.<br \/>\n100% hamppu.<\/p>\n","protected":false},"featured_media":2708,"template":"","meta":[],"product_brand":[],"product_cat":[54,30,16],"product_tag":[46],"class_list":{"0":"post-510","1":"product","2":"type-product","3":"status-publish","4":"has-post-thumbnail","6":"product_cat-kaikki-tuotteet","7":"product_cat-lastenhousut","8":"product_cat-lapset","9":"product_tag-hamppuvaatteet","11":"first","12":"instock","13":"taxable","14":"shipping-taxable","15":"purchasable","16":"product-type-variable"},"_links":{"self":[{"href":"https:\/\/www.pixiedust.fi\/index.php?rest_route=\/wp\/v2\/product\/510","targetHints":{"allow":["GET"]}}],"collection":[{"href":"https:\/\/www.pixiedust.fi\/index.php?rest_route=\/wp\/v2\/product"}],"about":[{"href":"https:\/\/www.pixiedust.fi\/index.php?rest_route=\/wp\/v2\/types\/product"}],"wp:featuredmedia":[{"embeddable":true,"href":"https:\/\/www.pixiedust.fi\/index.php?rest_route=\/wp\/v2\/media\/2708"}],"wp:attachment":[{"href":"https:\/\/www.pixiedust.fi\/index.php?rest_route=%2Fwp%2Fv2%2Fmedia&parent=510"}],"wp:term":[{"taxonomy":"product_brand","embeddable":true,"href":"https:\/\/www.pixiedust.fi\/index.php?rest_route=%2Fwp%2Fv2%2Fproduct_brand&post=510"},{"taxonomy":"product_cat","embeddable":true,"href":"https:\/\/www.pixiedust.fi\/index.php?rest_route=%2Fwp%2Fv2%2Fproduct_cat&post=510"},{"taxonomy":"product_tag","embeddable":true,"href":"https:\/\/www.pixiedust.fi\/index.php?rest_route=%2Fwp%2Fv2%2Fproduct_tag&post=510"}],"curies":[{"name":"wp","href":"https:\/\/api.w.org\/{rel}","templated":true}]}}