{"id":3769,"date":"2025-02-16T15:06:40","date_gmt":"2025-02-16T13:06:40","guid":{"rendered":"https:\/\/www.pixiedust.fi\/?post_type=product&#038;p=3769"},"modified":"2025-08-14T12:44:24","modified_gmt":"2025-08-14T09:44:24","slug":"annike-hamppu-puuvillamekko-indigo-38","status":"publish","type":"product","link":"https:\/\/www.pixiedust.fi\/?product=annike-hamppu-puuvillamekko-indigo-38","title":{"rendered":"Annike hamppu-puuvillamekko, indigo 38"},"content":{"rendered":"<p>Kaunis hihaton mekko, jossa py\u00f6re\u00e4 p\u00e4\u00e4ntie.<\/p>\n<p>Mekossa on rintamuotolaskokset ja mekko levenee vy\u00f6t\u00e4r\u00f6lt\u00e4 alasp\u00e4in, keijumaisen helman sivusaumoissa on halkiot.<br \/>\nSivusaumoissa on kiinte\u00e4t lenkit ny\u00f6rityst\u00e4 varten, pitk\u00e4n nauhan voi ny\u00f6ritt\u00e4\u00e4 useammalla eri tavalla, joko kokonaan sel\u00e4n puolella tai edest\u00e4 ja takaa.<\/p>\n<p>Koko 38, t\u00e4m\u00e4 uniikki mekko on v\u00e4rj\u00e4tty indigolla. K\u00e4sinv\u00e4rj\u00e4tyn mekon s\u00e4vy on tarkoituksella ep\u00e4tasainen.<\/p>\n<p>Materiaali 70% hamppu, 30% puuvilla.<br \/>\nKangas on valmistettu Romaniassa.<\/p>\n<p>Vaate on valmistettu ja v\u00e4rj\u00e4tty k\u00e4sity\u00f6n\u00e4 Suomessa.<\/p>\n<p>Vaatteen mitat l\u00f6yd\u00e4t viimeisest\u00e4 kuvasta. Mallin p\u00e4\u00e4ll\u00e4 v\u00e4rj\u00e4\u00e4m\u00e4t\u00f6n mekko.<\/p>\n","protected":false},"excerpt":{"rendered":"<p>Hihaton mekko.<br \/>\n70% hamppu, 30% puuvilla.<\/p>\n<p>Koko 38.<\/p>\n","protected":false},"featured_media":3774,"template":"","meta":[],"product_brand":[],"product_cat":[22,53,54],"product_tag":[],"class_list":{"0":"post-3769","1":"product","2":"type-product","3":"status-publish","4":"has-post-thumbnail","6":"product_cat-aikuiset","7":"product_cat-hamppu-puuvillavaatteet","8":"product_cat-kaikki-tuotteet","10":"first","11":"instock","12":"taxable","13":"shipping-taxable","14":"purchasable","15":"product-type-simple"},"_links":{"self":[{"href":"https:\/\/www.pixiedust.fi\/index.php?rest_route=\/wp\/v2\/product\/3769","targetHints":{"allow":["GET"]}}],"collection":[{"href":"https:\/\/www.pixiedust.fi\/index.php?rest_route=\/wp\/v2\/product"}],"about":[{"href":"https:\/\/www.pixiedust.fi\/index.php?rest_route=\/wp\/v2\/types\/product"}],"wp:featuredmedia":[{"embeddable":true,"href":"https:\/\/www.pixiedust.fi\/index.php?rest_route=\/wp\/v2\/media\/3774"}],"wp:attachment":[{"href":"https:\/\/www.pixiedust.fi\/index.php?rest_route=%2Fwp%2Fv2%2Fmedia&parent=3769"}],"wp:term":[{"taxonomy":"product_brand","embeddable":true,"href":"https:\/\/www.pixiedust.fi\/index.php?rest_route=%2Fwp%2Fv2%2Fproduct_brand&post=3769"},{"taxonomy":"product_cat","embeddable":true,"href":"https:\/\/www.pixiedust.fi\/index.php?rest_route=%2Fwp%2Fv2%2Fproduct_cat&post=3769"},{"taxonomy":"product_tag","embeddable":true,"href":"https:\/\/www.pixiedust.fi\/index.php?rest_route=%2Fwp%2Fv2%2Fproduct_tag&post=3769"}],"curies":[{"name":"wp","href":"https:\/\/api.w.org\/{rel}","templated":true}]}}