{"id":3272,"date":"2023-06-19T10:00:29","date_gmt":"2023-06-19T07:00:29","guid":{"rendered":"https:\/\/www.pixiedust.fi\/?post_type=product&#038;p=3272"},"modified":"2023-11-22T01:10:35","modified_gmt":"2023-11-21T23:10:35","slug":"adelina-hamppu-puuvillamekko","status":"publish","type":"product","link":"https:\/\/www.pixiedust.fi\/?product=adelina-hamppu-puuvillamekko","title":{"rendered":"Adelina hamppu-puuvillamekko"},"content":{"rendered":"<p>Hihallinen, pohjemittainen mekko, jossa helmassa ja hihansuissa poimutetut kaitaleet.<br \/>\nP\u00e4\u00e4ntiell\u00e4 edess\u00e4 halkio.<br \/>\nMekossa on sivutaskut sivusaumoissa.<\/p>\n<p>Materiaali 70% hamppu, 30% puuvilla.<br \/>\nKangas on valmistettu Romaniassa.<\/p>\n<p>Vaate valmistetaan tilauksesta k\u00e4sity\u00f6n\u00e4 Suomessa. Toimitusaika 5-14 vrk.<\/p>\n<p>Vaatteen mitat l\u00f6yd\u00e4t viimeisest\u00e4 kuvasta. Mittamuutokset on mahdollista toteuttaa, olethan yhteydess\u00e4 info@pixiedust.fi.<\/p>\n","protected":false},"excerpt":{"rendered":"<p>Hihallinen mekko.<br \/>\n70% hamppu, 30% puuvilla.<\/p>\n","protected":false},"featured_media":3285,"template":"","meta":[],"product_brand":[],"product_cat":[22,53,54],"product_tag":[],"class_list":{"0":"post-3272","1":"product","2":"type-product","3":"status-publish","4":"has-post-thumbnail","6":"product_cat-aikuiset","7":"product_cat-hamppu-puuvillavaatteet","8":"product_cat-kaikki-tuotteet","10":"first","11":"instock","12":"taxable","13":"shipping-taxable","14":"purchasable","15":"product-type-variable"},"_links":{"self":[{"href":"https:\/\/www.pixiedust.fi\/index.php?rest_route=\/wp\/v2\/product\/3272","targetHints":{"allow":["GET"]}}],"collection":[{"href":"https:\/\/www.pixiedust.fi\/index.php?rest_route=\/wp\/v2\/product"}],"about":[{"href":"https:\/\/www.pixiedust.fi\/index.php?rest_route=\/wp\/v2\/types\/product"}],"wp:featuredmedia":[{"embeddable":true,"href":"https:\/\/www.pixiedust.fi\/index.php?rest_route=\/wp\/v2\/media\/3285"}],"wp:attachment":[{"href":"https:\/\/www.pixiedust.fi\/index.php?rest_route=%2Fwp%2Fv2%2Fmedia&parent=3272"}],"wp:term":[{"taxonomy":"product_brand","embeddable":true,"href":"https:\/\/www.pixiedust.fi\/index.php?rest_route=%2Fwp%2Fv2%2Fproduct_brand&post=3272"},{"taxonomy":"product_cat","embeddable":true,"href":"https:\/\/www.pixiedust.fi\/index.php?rest_route=%2Fwp%2Fv2%2Fproduct_cat&post=3272"},{"taxonomy":"product_tag","embeddable":true,"href":"https:\/\/www.pixiedust.fi\/index.php?rest_route=%2Fwp%2Fv2%2Fproduct_tag&post=3272"}],"curies":[{"name":"wp","href":"https:\/\/api.w.org\/{rel}","templated":true}]}}