{"id":2595,"date":"2022-01-19T12:27:09","date_gmt":"2022-01-19T10:27:09","guid":{"rendered":"https:\/\/www.pixiedust.fi\/?post_type=product&#038;p=2595"},"modified":"2025-01-22T10:37:29","modified_gmt":"2025-01-22T08:37:29","slug":"merinoleggins-luonnonvalkoinen","status":"publish","type":"product","link":"https:\/\/www.pixiedust.fi\/?product=merinoleggins-luonnonvalkoinen","title":{"rendered":"Merinoleggins, luonnonvalkoinen"},"content":{"rendered":"<p>Aikuisten\u00a0 kapeat merinovillalegginsit.<br \/>\nVy\u00f6t\u00e4r\u00f6ll\u00e4 kuminauha ja lahkeensuussa korkeat resorit samasta merinovillasta. Sopii hyvin yhteen Aava merinovillapoolon kanssa.<\/p>\n<p>Materiaali 100% mulesing vapaata merinovillaa.<br \/>\nMerinovillaneulos on valmistettu Suomessa.<\/p>\n<p>Hoidoksi riitt\u00e4\u00e4 usein tuuletus, pesu max.\u00a030\u00b0C.<\/p>\n<p>Vaatteen mitat l\u00f6yd\u00e4t viimeisest\u00e4 kuvasta. Pituus on optimaalinen noin 165cm pitk\u00e4lle. Mittamuutokset on mahdollista toteuttaa, ota yhteytt\u00e4 ennen tilausta: info@pixiedust.fi<\/p>\n<p>Valmistetaan tilauksesta k\u00e4sity\u00f6n\u00e4 Suomessa.<br \/>\nToimitusaika 3-14 vrk.<\/p>\n","protected":false},"excerpt":{"rendered":"<p>Aikuisten merinovilla legginsit.<br \/>\n100% mulesing vapaa merinovilla<\/p>\n","protected":false},"featured_media":2600,"template":"","meta":[],"product_brand":[],"product_cat":[22,54,41],"product_tag":[],"class_list":{"0":"post-2595","1":"product","2":"type-product","3":"status-publish","4":"has-post-thumbnail","6":"product_cat-aikuiset","7":"product_cat-kaikki-tuotteet","8":"product_cat-aikuisten-merinovilla-vaatteet","10":"first","11":"instock","12":"taxable","13":"shipping-taxable","14":"purchasable","15":"product-type-variable"},"_links":{"self":[{"href":"https:\/\/www.pixiedust.fi\/index.php?rest_route=\/wp\/v2\/product\/2595","targetHints":{"allow":["GET"]}}],"collection":[{"href":"https:\/\/www.pixiedust.fi\/index.php?rest_route=\/wp\/v2\/product"}],"about":[{"href":"https:\/\/www.pixiedust.fi\/index.php?rest_route=\/wp\/v2\/types\/product"}],"wp:featuredmedia":[{"embeddable":true,"href":"https:\/\/www.pixiedust.fi\/index.php?rest_route=\/wp\/v2\/media\/2600"}],"wp:attachment":[{"href":"https:\/\/www.pixiedust.fi\/index.php?rest_route=%2Fwp%2Fv2%2Fmedia&parent=2595"}],"wp:term":[{"taxonomy":"product_brand","embeddable":true,"href":"https:\/\/www.pixiedust.fi\/index.php?rest_route=%2Fwp%2Fv2%2Fproduct_brand&post=2595"},{"taxonomy":"product_cat","embeddable":true,"href":"https:\/\/www.pixiedust.fi\/index.php?rest_route=%2Fwp%2Fv2%2Fproduct_cat&post=2595"},{"taxonomy":"product_tag","embeddable":true,"href":"https:\/\/www.pixiedust.fi\/index.php?rest_route=%2Fwp%2Fv2%2Fproduct_tag&post=2595"}],"curies":[{"name":"wp","href":"https:\/\/api.w.org\/{rel}","templated":true}]}}