{"id":2556,"date":"2022-01-05T15:46:08","date_gmt":"2022-01-05T13:46:08","guid":{"rendered":"https:\/\/www.pixiedust.fi\/?post_type=product&#038;p=2556"},"modified":"2024-12-29T18:57:45","modified_gmt":"2024-12-29T16:57:45","slug":"merinovilla-hiusdonitsi-henna","status":"publish","type":"product","link":"https:\/\/www.pixiedust.fi\/?product=merinovilla-hiusdonitsi-henna","title":{"rendered":"Merinovilla hiusdonitsi, henna"},"content":{"rendered":"<p>Hiusdonitsi.<\/p>\n<p>Kasviv\u00e4rj\u00e4tty hennalla.<br \/>\nK\u00e4sinv\u00e4rj\u00e4tyss\u00e4 tuotteessa voi olla ep\u00e4tasaisuuksia v\u00e4riss\u00e4.<\/p>\n<p>Valmistettu leikkuupaloista, joita j\u00e4\u00e4 vaatteita valmistaessa.<br \/>\nKuminauhan ymp\u00e4rys noin 15cm.<\/p>\n<p>100% mulesing vapaata merinovillaa.<br \/>\nMerinovillaneulos on valmistettu Suomessa ja on \u00d6ko-tex sertifioitu.<\/p>\n<p>Tuote valmistetaan k\u00e4sity\u00f6n\u00e4 Suomessa.<\/p>\n","protected":false},"excerpt":{"rendered":"<p>Hiusdonitsi.<br \/>\n100% merinovilla.<\/p>\n","protected":false},"featured_media":3732,"template":"","meta":[],"product_brand":[],"product_cat":[23,35,54],"product_tag":[],"class_list":{"0":"post-2556","1":"product","2":"type-product","3":"status-publish","4":"has-post-thumbnail","6":"product_cat-asusteet","7":"product_cat-hiusdonitsi","8":"product_cat-kaikki-tuotteet","10":"first","11":"instock","12":"taxable","13":"shipping-taxable","14":"purchasable","15":"product-type-simple"},"_links":{"self":[{"href":"https:\/\/www.pixiedust.fi\/index.php?rest_route=\/wp\/v2\/product\/2556","targetHints":{"allow":["GET"]}}],"collection":[{"href":"https:\/\/www.pixiedust.fi\/index.php?rest_route=\/wp\/v2\/product"}],"about":[{"href":"https:\/\/www.pixiedust.fi\/index.php?rest_route=\/wp\/v2\/types\/product"}],"wp:featuredmedia":[{"embeddable":true,"href":"https:\/\/www.pixiedust.fi\/index.php?rest_route=\/wp\/v2\/media\/3732"}],"wp:attachment":[{"href":"https:\/\/www.pixiedust.fi\/index.php?rest_route=%2Fwp%2Fv2%2Fmedia&parent=2556"}],"wp:term":[{"taxonomy":"product_brand","embeddable":true,"href":"https:\/\/www.pixiedust.fi\/index.php?rest_route=%2Fwp%2Fv2%2Fproduct_brand&post=2556"},{"taxonomy":"product_cat","embeddable":true,"href":"https:\/\/www.pixiedust.fi\/index.php?rest_route=%2Fwp%2Fv2%2Fproduct_cat&post=2556"},{"taxonomy":"product_tag","embeddable":true,"href":"https:\/\/www.pixiedust.fi\/index.php?rest_route=%2Fwp%2Fv2%2Fproduct_tag&post=2556"}],"curies":[{"name":"wp","href":"https:\/\/api.w.org\/{rel}","templated":true}]}}