{"id":1940,"date":"2020-10-26T08:06:27","date_gmt":"2020-10-26T06:06:27","guid":{"rendered":"https:\/\/www.pixiedust.fi\/?post_type=product&#038;p=1940"},"modified":"2024-01-20T10:57:12","modified_gmt":"2024-01-20T08:57:12","slug":"solmupanta-baby-kids-luonnonvalkoinen","status":"publish","type":"product","link":"https:\/\/www.pixiedust.fi\/?product=solmupanta-baby-kids-luonnonvalkoinen","title":{"rendered":"Solmupanta BABY\/KIDS, luonnonvalkoinen"},"content":{"rendered":"<p>Solmupanta.<br \/>\nKoko BABY = 0-1 -vuotiaille, p\u00e4\u00e4nymp\u00e4rys n. 37-45cm.<br \/>\nKoko KIDS = 2-8 -vuotiaille, p\u00e4\u00e4nymp\u00e4rys n. 47-55 cm.<\/p>\n<p>Luonnonvalkoinen.<\/p>\n<p>Materiaali 100% mulesing vapaata merinovillaa.<br \/>\nMerinovillaneulos on \u00d6ko-tex sertifioitu ja valmistettu Suomessa.<\/p>\n<p>Hoidoksi riitt\u00e4\u00e4 usein tuuletus, pesu max. 30\u00b0C.<\/p>\n<p>Valmistettu k\u00e4sity\u00f6n\u00e4 Suomessa.<\/p>\n","protected":false},"excerpt":{"rendered":"<p>Lasten solmupanta.<br \/>\nKaksi eri kokoa.<\/p>\n","protected":false},"featured_media":1480,"template":"","meta":[],"product_brand":[],"product_cat":[23,54,27],"product_tag":[],"class_list":{"0":"post-1940","1":"product","2":"type-product","3":"status-publish","4":"has-post-thumbnail","6":"product_cat-asusteet","7":"product_cat-kaikki-tuotteet","8":"product_cat-lasten-pipot-pannat","10":"first","11":"instock","12":"taxable","13":"shipping-taxable","14":"purchasable","15":"product-type-variable"},"_links":{"self":[{"href":"https:\/\/www.pixiedust.fi\/index.php?rest_route=\/wp\/v2\/product\/1940","targetHints":{"allow":["GET"]}}],"collection":[{"href":"https:\/\/www.pixiedust.fi\/index.php?rest_route=\/wp\/v2\/product"}],"about":[{"href":"https:\/\/www.pixiedust.fi\/index.php?rest_route=\/wp\/v2\/types\/product"}],"wp:featuredmedia":[{"embeddable":true,"href":"https:\/\/www.pixiedust.fi\/index.php?rest_route=\/wp\/v2\/media\/1480"}],"wp:attachment":[{"href":"https:\/\/www.pixiedust.fi\/index.php?rest_route=%2Fwp%2Fv2%2Fmedia&parent=1940"}],"wp:term":[{"taxonomy":"product_brand","embeddable":true,"href":"https:\/\/www.pixiedust.fi\/index.php?rest_route=%2Fwp%2Fv2%2Fproduct_brand&post=1940"},{"taxonomy":"product_cat","embeddable":true,"href":"https:\/\/www.pixiedust.fi\/index.php?rest_route=%2Fwp%2Fv2%2Fproduct_cat&post=1940"},{"taxonomy":"product_tag","embeddable":true,"href":"https:\/\/www.pixiedust.fi\/index.php?rest_route=%2Fwp%2Fv2%2Fproduct_tag&post=1940"}],"curies":[{"name":"wp","href":"https:\/\/api.w.org\/{rel}","templated":true}]}}