{"id":99,"date":"2018-11-26T01:54:26","date_gmt":"2018-11-25T23:54:26","guid":{"rendered":"http:\/\/www.pixiedust.fi\/?page_id=99"},"modified":"2019-11-23T20:17:17","modified_gmt":"2019-11-23T18:17:17","slug":"toimitusehdot","status":"publish","type":"page","link":"https:\/\/www.pixiedust.fi\/?page_id=99","title":{"rendered":""},"content":{"rendered":"\n<p>TOIMITUSEHDOT<br>26.11.2018 alkaen (p\u00e4ivitetty 23.11.2019)<br><br>Pixie Dust (Y-tunnus 1968761-5) on suomalainen yritys, joka myy vaatteita ja tekstiilej\u00e4 t\u00e4ysi-ik\u00e4isille yksityishenkil\u00f6ille Suomessa.<br>Tuotteiden hinnat sis\u00e4lt\u00e4v\u00e4t arvonlis\u00e4veron. Pid\u00e4t\u00e4mme oikeuden hintojen muutoksiin.<br><br>TILAAMINEN<br><br>Voit tilata tuotteita Pixie Dust -verkkokaupassa lis\u00e4\u00e4m\u00e4ll\u00e4 tuotteet ostoskoriin. Tilaukset tehd\u00e4\u00e4n ilman rekister\u00f6itymist\u00e4. Tilauksen yhteydess\u00e4 kysyttyj\u00e4 yhteystietoja ei k\u00e4ytet\u00e4 muuhun kuin tilauksen toimitukseen tai siin\u00e4 ilmenevien ep\u00e4selvyyksien selvitt\u00e4miseen. Asiakastiedot k\u00e4sitell\u00e4\u00e4n luottamuksellisesti.<br><br>Toimituskulut lis\u00e4t\u00e4\u00e4n tilaukseen automaattisesti valitsemasi toimitustavan mukaan. Lopuksi valitaan maksutapa. Tilaus l\u00e4hetet\u00e4\u00e4n maksamalla ostoskorin sis\u00e4lt\u00f6 verkkokaupan kassalla. Kun olet tehnyt tilauksen, saat vahvistuksen siit\u00e4 s\u00e4hk\u00f6postitse ilmoittamaasi s\u00e4hk\u00f6postiosoitteeseen. Tilausvahvistuksesta k\u00e4y ilmi tilauksen sis\u00e4lt\u00f6, ostohinta sek\u00e4 toimituskulut. Tehdess\u00e4si tilauksen sitoudut tilauksen yhteydess\u00e4 voimassa oleviin toimitusehtoihin.<br><br>MAKSAMINEN<\/p>\n\n\n\n<p><br>Pixie Dust -verkkokaupassa on maksutapoina seuraavien pankkien verkkomaksupainikkeet: OP-Pohjola, Aktia, S-pankki, POP Pankki, S\u00e4\u00e4st\u00f6pankki, Oma S\u00e4\u00e4st\u00f6pankki, Nordea, Handelsbanken, Danskebank ja \u00c5landsbanken. Lis\u00e4ksi Siirto sek\u00e4 Visa ja Mastercard.<\/p>\n\n\n\n<p>Verkkokaupan maksunv\u00e4litt\u00e4j\u00e4n\u00e4 toimii Blue Commerce \/ Verifone, joka on Finanssivalvonnan luvan alainen maksulaitos ja kaikki Verifonen tarjoamat maksupalvelut t\u00e4ytt\u00e4v\u00e4t PCI-vaatimukset. Maksamiseen siirryt\u00e4\u00e4n Verifonen verkkopalvelun kautta. Verifone v\u00e4litt\u00e4\u00e4 maksut verkkokauppiaalle. Maksaminen on turvallista, sill\u00e4 kaikki maksutapahtumaa koskevat tiedot v\u00e4litet\u00e4\u00e4n salattua yhteytt\u00e4 k\u00e4ytt\u00e4en niin ettei kukaan ulkopuolinen taho n\u00e4e maksutapahtuman tietoja.<br><\/p>\n\n\n\n<p>TOIMITUS<br><\/p>\n\n\n\n<p>Varastossa olevat tuotteet toimitetaan 1-5 vrk sis\u00e4ll\u00e4 tilauksen saapumisesta. Jos kyseess\u00e4 on tuote, joka valmistetaan tilauksesta, toimitusaika on 1-14 vrk.<br>Emme vastaa ylivoimaisen esteen aiheuttamista viiv\u00e4stymisist\u00e4 tai viiv\u00e4stysten aiheuttamista v\u00e4lillisist\u00e4 haitoista.&nbsp;&nbsp;<br>Poikkeavista toimitusajoista tiedotetaan verkkokaupan etusivulla tai tuotekohtaisesti tuotesivulla. Huomioithan, ett\u00e4 Postin kautta toimitetut paketit ovat noudettavissa 7 vrk, jonka j\u00e4lkeen noutamaton paketti palautuu meille. Lunastamattomista l\u00e4hetyksist\u00e4 veloitamme palautuksesta aiheutuneet kulut asiakkaalta.<br><\/p>\n\n\n\n<p>VAIHTO JA PALAUTUS<br><\/p>\n\n\n\n<p>Tuotteilla on kuluttajansuojalain mukainen 14 vuorokauden palautusoikeus. Tuotteen tulee olla palautettaessa t\u00e4ysin uutta vastaavassa kunnossa, k\u00e4ytt\u00e4m\u00e4t\u00f6n ja laput paikoillaan. Palautuksesta aiheutuneet toimituskulut maksaa asiakas itse. Jos palautukseen k\u00e4ytet\u00e4\u00e4n aiheettomasti Postin asiakaspalautusta v\u00e4henn\u00e4mme kulut 7\u20ac palautettavasta summasta. Vaihtotilanteessa voit k\u00e4ytt\u00e4\u00e4 postin asiakaspalautusta. Palautus ja vaihtotilanteissa ota aina yhteytt\u00e4 s\u00e4hk\u00f6postitse: <a href=\"mailto:info@pixiedust.fi\">info@pixiedust.fi<\/a><br><\/p>\n\n\n\n<p>REKLAMAATIOT<br><\/p>\n\n\n\n<p>Mik\u00e4li tuotteessa ilmenee jokin valmistuksessa tapahtunut virhe, tuote voidaan korjata tai vaihtaa uuteen vastaavaan tuotteeseen. Reklamaatiotilanteissa ota aina ensin yhteytt\u00e4 s\u00e4hk\u00f6postitse tai soittamalla.&nbsp;<br>Jos paketti on vioittunut postissa tai kuljetuksessa on tuotteesta teht\u00e4v\u00e4 v\u00e4litt\u00f6m\u00e4sti reklamaatio postiin.<br><\/p>\n\n\n\n<div class=\"wp-block-image\"><figure class=\"aligncenter size-large\"><img loading=\"lazy\" decoding=\"async\" width=\"473\" height=\"100\" src=\"https:\/\/www.pixiedust.fi\/wp-content\/uploads\/2019\/11\/bluecommerce_maksutavat.png\" alt=\"\" class=\"wp-image-1063\" srcset=\"https:\/\/www.pixiedust.fi\/wp-content\/uploads\/2019\/11\/bluecommerce_maksutavat.png 473w, https:\/\/www.pixiedust.fi\/wp-content\/uploads\/2019\/11\/bluecommerce_maksutavat-416x88.png 416w, https:\/\/www.pixiedust.fi\/wp-content\/uploads\/2019\/11\/bluecommerce_maksutavat-300x63.png 300w\" sizes=\"auto, (max-width: 473px) 100vw, 473px\" \/><\/figure><\/div>\n\n\n\n<p><\/p>\n","protected":false},"excerpt":{"rendered":"<p>TOIMITUSEHDOT26.11.2018 alkaen (p\u00e4ivitetty 23.11.2019) Pixie Dust (Y-tunnus 1968761-5) on suomalainen yritys, joka myy vaatteita ja tekstiilej\u00e4 t\u00e4ysi-ik\u00e4isille yksityishenkil\u00f6ille Suomessa.Tuotteiden hinnat sis\u00e4lt\u00e4v\u00e4t arvonlis\u00e4veron. Pid\u00e4t\u00e4mme oikeuden hintojen muutoksiin. TILAAMINEN Voit tilata tuotteita Pixie Dust -verkkokaupassa lis\u00e4\u00e4m\u00e4ll\u00e4 tuotteet ostoskoriin. Tilaukset tehd\u00e4\u00e4n ilman rekister\u00f6itymist\u00e4. Tilauksen yhteydess\u00e4 kysyttyj\u00e4 yhteystietoja ei k\u00e4ytet\u00e4 muuhun kuin tilauksen toimitukseen tai siin\u00e4 ilmenevien ep\u00e4selvyyksien selvitt\u00e4miseen. [&hellip;]<\/p>\n","protected":false},"author":1,"featured_media":0,"parent":0,"menu_order":0,"comment_status":"closed","ping_status":"closed","template":"","meta":{"footnotes":""},"class_list":["post-99","page","type-page","status-publish","hentry"],"_links":{"self":[{"href":"https:\/\/www.pixiedust.fi\/index.php?rest_route=\/wp\/v2\/pages\/99","targetHints":{"allow":["GET"]}}],"collection":[{"href":"https:\/\/www.pixiedust.fi\/index.php?rest_route=\/wp\/v2\/pages"}],"about":[{"href":"https:\/\/www.pixiedust.fi\/index.php?rest_route=\/wp\/v2\/types\/page"}],"author":[{"embeddable":true,"href":"https:\/\/www.pixiedust.fi\/index.php?rest_route=\/wp\/v2\/users\/1"}],"replies":[{"embeddable":true,"href":"https:\/\/www.pixiedust.fi\/index.php?rest_route=%2Fwp%2Fv2%2Fcomments&post=99"}],"version-history":[{"count":5,"href":"https:\/\/www.pixiedust.fi\/index.php?rest_route=\/wp\/v2\/pages\/99\/revisions"}],"predecessor-version":[{"id":1064,"href":"https:\/\/www.pixiedust.fi\/index.php?rest_route=\/wp\/v2\/pages\/99\/revisions\/1064"}],"wp:attachment":[{"href":"https:\/\/www.pixiedust.fi\/index.php?rest_route=%2Fwp%2Fv2%2Fmedia&parent=99"}],"curies":[{"name":"wp","href":"https:\/\/api.w.org\/{rel}","templated":true}]}}